digit of 5322?
5
What is the thousands digit of 1355?
1
What is the thousands digit of 1298?
1
What is the hundreds digit of 119?
1
What is the ten thousands digit of 27931?
2
What is the hundreds digit of 19237?
2
What is the thousands digit of 48346?
8
What is the ten thousands digit of 27573?
2
What is the hundreds digit of 405?
4
What is the tens digit of 59156?
5
What is the thousands digit of 1336?
1
What is the tens digit of 331?
3
What is the units digit of 602?
2
What is the tens digit of 319?
1
What is the hundreds digit of 23393?
3
What is the units digit of 4394?
4
What is the hundreds digit of 1346?
3
What is the tens digit of 6093?
9
What is the hundreds digit of 55583?
5
What is the tens digit of 48734?
3
What is the tens digit of 16457?
5
What is the tens digit of 1672?
7
What is the units digit of 25369?
9
What is the units digit of 56?
6
What is the thousands digit of 2090?
2
What is the thousands digit of 15414?
5
What is the ten thousands digit of 18350?
1
What is the units digit of 13376?
6
What is the hundreds digit of 5519?
5
What is the tens digit of 5094?
9
What is the units digit of 17377?
7
What is the tens digit of 78033?
3
What is the thousands digit of 2312?
2
What is the units digit of 7591?
1
What is the tens digit of 894?
9
What is the thousands digit of 31310?
1
What is the hundreds digit of 21654?
6
What is the units digit of 17195?
5
What is the ten thousands digit of 53853?
5
What is the units digit of 33648?
8
What is the thousands digit of 1368?
1
What is the units digit of 603?
3
What is the units digit of 3932?
2
What is the hundreds digit of 1291?
2
What is the thousands digit of 5972?
5
What is the hundreds digit of 58707?
7
What is the units digit of 125?
5
What is the thousands digit of 1161?
1
What is the tens digit of 7074?
7
What is the hundreds digit of 648?
6
What is the hundreds digit of 24799?
7
What is the units digit of 20333?
3
What is the ten thousands digit of 46698?
4
What is the ten thousands digit of 132177?
3
What is the thousands digit of 12216?
2
What is the units digit of 84?
4
What is the hundreds digit of 4995?
9
What is the thousands digit of 1866?
1
What is the hundreds digit of 2085?
0
What is the ten thousands digit of 20622?
2
What is the tens digit of 366?
6
What is the tens digit of 3351?
5
What is the tens digit of 3060?
6
What is the tens digit of 1827?
2
What is the units digit of 5079?
9
What is the thousands digit of 57786?
7
What is the tens digit of 9147?
4
What is the thousands digit of 53599?
3
What is the tens digit of 32144?
4
What is the units digit of 15382?
2
What is the tens digit of 1640?
4
What is the thousands digit of 50733?
0
What is the ten thousands digit of 23722?
2
What is the tens digit of 289?
8
What is the ten thousands digit of 19810?
1
What is the tens digit of 10520?
2
What is the thousands digit of 35661?
5
What is the thousands digit of 15408?
5
What is the hundreds digit of 19034?
0
What is the hundreds digit of 12989?
9
What is the ten thousands digit of 32337?
3
What is the hundreds digit of 14816?
8
What is the thousands digit of 26589?
6
What is the tens digit of 1221?
2
What is the units digit of 15134?
4
What is the ten thousands digit of 160402?
6
What is the thousands digit of 2806?
2
What is the units digit of 24080?
0
What is the units digit of 836?
6
What is the tens digit of 34?
3
What is the thousands digit of 27465?
7
What is the hundreds digit of 1974?
9
What is the hundreds digit of 118430?
4
What is the tens digit of 10311?
1
What is the thousands digit of 139686?
9
What is the thousands digit of 1040?
1
What is the thousands digit of 1214?
1
What is the tens digit of 14763?
6
What is the tens digit of 399?
9
What is the tens digit of 1052?
5
What is the thousands digit of 41735?
1
What is the thousands digit of 1076?
1
What is the thousands digit of 1711?
1
What is the units digit of 1134?
4
What is the ten thousands digit of 12067?
1
What is the units digit of 5588?
8
What is the tens digit of 2857?
5
What is the thousands digit of 17925?
7
What is the thousands digit of 45955?
5
What is the thousands digit of 1169?
1
What is the tens digit of 1709?
0
What is the tens digit of 27?
2
What is the tens digit of 2079?
7
What is the hundreds digit of 2483?
4
What is the hundreds digit of 507?
5
What is the thousands digit of 90713?
0
What is the hundreds digit of 2320?
3
What is the thousands digit of 5189?
5
What is the tens digit of 14360?
6
What is the tens digit of 347?
4
What is the thousands digit of 31411?
1
What is the tens digit of 1198?
9
What is the hundreds digit of 2068?
0
What is the hundreds digit of 116?
1
What is the hundreds digit of 781?
7
What is the tens digit of 3507?
0
What is the tens digit of 979?
7
What is the hundreds digit of 398?
3
What is the thousands digit of 16631?
6
What is the tens digit of 133828?
2
What is the hundreds digit of 1806?
8
What is the units digit of 1830?
0
What is the hundreds digit of 50188?
1
What is the units digit of 900?
0
What is the thousands digit of 1823?
1
What is the tens digit of 26106?
0
What is the hundreds digit of 1740?
7
What is the hundreds digit of 30593?
5
What is the thousands digit of 7573?
7
What is the thousands digit of 79875?
9
What is the thousands digit of 33455?
3
What is the tens digit of 12882?
8
What is the tens digit of 1777?
7
What is the hundreds digit of 1383?
3
What is the thousands digit of 11176?
1
What is the thousands digit of 14033?
4
What is the units digit of 10556?
6
What is the hundreds digit of 6226?
2
What is the thousands digit of 40407?
0
What is the hundreds digit of 856?
8
What is the units digit of 10333?
3
What is the units digit of 174024?
4
What is the ten thousands digit of 45612?
4
What is the units digit of 51444?
4
What is the tens digit of 10423?
2
What is the units digit of 1420?
0
What is the thousands digit of 9055?
9
What is the units digit of 34401?
1
What is the hundreds digit of 5003?
0
What is the thousands digit of 9428?
9
What is the units digit of 3072?
2
What is the tens digit of 2247?
4
What is the hundred thousands digit of 173517?
1
What is the units digit of 6868?
8
What is the units digit of 30257?
7
What is the units digit of 455?
5
What is the units digit of 12061?
1
What is the tens digit of 23552?
5
What is the thousands digit of 35620?
5
What is the ten thousands digit of 12329?
1
What is the tens digit of 12830?
3
What is the units digit of 192?
2
What is the units digit of 401?
1
What is the hundreds digit of 96568?
5
What is the units digit of 24631?
1
What is the units digit of 1292?
2
What is the tens digit of 29275?
7
What is the tens digit of 244?
4
What is the thousands digit of 32739?
2
What is the hundreds digit of 3710?
7
What is the tens digit of 68801?
0
What is the tens digit of 1434?
3
What is the ten thousands digit of 17704?
1
What is the tens digit of 811?
1
What is the ten thousands digit of 159323?
5
What is the hundreds digit of 1347?
3
What is the hundreds digit of 57962?
9
What is the ten thousands digit of 33460?
3
What is the tens digit of 1451?
5
What is the units digit of 2880?
0
What is the units digit of 4166?
6
What is the tens digit of 794?
9
What is the units digit of 370?
0
What is the tens digit of 5618?
1
What is the ten thousands digit of 18820?
1
What is the tens digit of 22497?
9
What is the ten thousands digit of 83792?
8
What is the tens digit of 73107?
0
What is the tens digit of 43924?
2
What is the hundreds digit of 9112?
1
What is the units digit of 74173?
3
What is the thousands digit of 8828?
8
What is the ten thousands digit of 14317?
1
What is the units digit of 101969?
9
What is the hundreds digit of 2221?
2
What is the thousands digit of 10516?
0
What is the hundreds digit of 35475?
4
What is the units digit of 72009?
9
What is the units digit of 8658?
8
What is the hundreds digit of 861?
8
What is the hundreds digit of 4268?
2
What is the units digit of 166332?
2
What is the units digit of 49601?
1
What is the tens digit of 404?
0
What is the thousands digit of 5713?
5
What is the hundreds digit of 3233?
2
What is the units digit of 1528?
8
What is the thousands digit of 1195?
1
What is the hundreds digit of 155?
1
What is the hundreds dig